{"id":700,"date":"2021-11-20T22:19:18","date_gmt":"2021-11-20T22:19:18","guid":{"rendered":"https:\/\/ellibeninca.com.br\/site\/?page_id=700"},"modified":"2021-11-20T22:25:45","modified_gmt":"2021-11-20T22:25:45","slug":"biografia","status":"publish","type":"page","link":"https:\/\/ellibeninca.com.br\/site\/biografia\/","title":{"rendered":"Biografia"},"content":{"rendered":"\n<div class=\"wp-block-media-text alignwide is-stacked-on-mobile\" style=\"grid-template-columns:31% auto\"><figure class=\"wp-block-media-text__media\"><img fetchpriority=\"high\" decoding=\"async\" width=\"350\" height=\"490\" src=\"https:\/\/ellibeninca.com.br\/site\/wp-content\/uploads\/2021\/11\/Elli-Beninca-2017_web.jpg\" alt=\"\" class=\"wp-image-701 size-full\" srcset=\"https:\/\/ellibeninca.com.br\/site\/wp-content\/uploads\/2021\/11\/Elli-Beninca-2017_web.jpg 350w, https:\/\/ellibeninca.com.br\/site\/wp-content\/uploads\/2021\/11\/Elli-Beninca-2017_web-214x300.jpg 214w\" sizes=\"(max-width: 350px) 100vw, 350px\" \/><\/figure><div class=\"wp-block-media-text__content\">\n<h1 class=\"wp-block-heading\"><strong>Professor padre Elli Beninc\u00e1<\/strong><\/h1>\n\n\n\n<hr class=\"wp-block-separator\"\/>\n\n\n\n<p class=\"has-medium-font-size\">Elli Beninc\u00e1 nasceu em Severiano de Almeida, no norte do Rio Grande do Sul, em 20 de julho de 1936. Sua inf\u00e2ncia e juventude foram marcadas pelo conv\u00edvio familiar, pelo trabalho na ro\u00e7a, pela forte rela\u00e7\u00e3o com a natureza e pela vida simples e em comunidade, na linha Caracol. \u00c9 filho de Amadeu Beninc\u00e1 e de Leonice Maria Bonafin Beninc\u00e1, j\u00e1 falecidos, sendo o terceiro de uma fam\u00edlia de 11 irm\u00e3os.<\/p>\n\n\n\n<p class=\"has-medium-font-size\">Em 1953, aos 17 anos, sentiu-se chamado \u00e0 voca\u00e7\u00e3o e ingressou no Semin\u00e1rio Nossa Senhora de F\u00e1tima de Erechim, sendo aluno da primeira turma. Pela Faculdade de Filosofia, Ci\u00eancias e Letras Nossa Senhora Imaculada Concei\u00e7\u00e3o, de Viam\u00e3o, graduou-se em Filosofia, em 1961, e em Teologia, em 1965. Foi ordenado sacerdote no dia 03 de julho de 1965, em Severiano de Almeida, por Dom Cl\u00e1udio Colling, ent\u00e3o bispo da Diocese de Passo Fundo.<\/p>\n<\/div><\/div>\n\n\n\n<p class=\"has-medium-font-size\">_<br>Em 1966, foi enviado \u00e0 cidade de Passo Fundo para auxiliar o Padre Alcides Guareschi na antiga Faculdade de Filosofia do Cons\u00f3rcio Universit\u00e1rio Cat\u00f3lico, que, logo em seguida, seria um dos pilares a formar a Universidade de Passo Fundo. Ao mesmo tempo em que tra\u00e7ava seu percurso de forma\u00e7\u00e3o para a doc\u00eancia, dedicou-se profundamente ao minist\u00e9rio sacerdotal, envolvendo-se em variados espa\u00e7os de atua\u00e7\u00e3o pastoral e social e assessorando diferentes movimentos e grupos cat\u00f3licos. Morou por 17 anos na Par\u00f3quia da Catedral, onde foi vig\u00e1rio. Em sua vida sacerdotal, atuou em outras par\u00f3quias, com destaque \u00e0 Nossa Senhora da Concei\u00e7\u00e3o, onde edificou profundas rela\u00e7\u00f5es com a comunidade por mais de 20 anos. &nbsp;<\/p>\n\n\n\n<p class=\"has-medium-font-size\">Em 1982 e 1983, foi Coordenador de Pastoral na Diocese de Passo Fundo. Por acreditar que o maior investimento que se possa fazer \u00e9 aquele direcionado ao ser humano, sempre se dedicou \u00e0 forma\u00e7\u00e3o de lideran\u00e7as leigas, agentes de pastoral, professores de ensino religioso, ressaltando a import\u00e2ncia da educa\u00e7\u00e3o como elemento de transforma\u00e7\u00e3o das consci\u00eancias e, por consequ\u00eancia, da sociedade. Exerceu o papel de formador dos estudantes de Teologia de 1983 at\u00e9 2014 e foi articulador de in\u00fameras iniciativas de forma\u00e7\u00e3o continuada nos \u00e2mbitos pastoral e acad\u00eamico, incentivando muitas pessoas \u00e0 realiza\u00e7\u00e3o de cursos e \u00e0 participa\u00e7\u00e3o em eventos. Integrou o grupo de fundadores do Instituto de Teologia e Pastoral (ITEPA), sendo seu primeiro Diretor, em 1983 e, novamente, de 1988 a 1990. Foi, igualmente, professor do Instituto de Filosofia Berthier \u2013 IFIBE.<\/p>\n\n\n\n<p class=\"has-medium-font-size\">Tinha grande habilidade l\u00f3gico-argumentativa, evidenciada, de forma intensa, pela capacidade de s\u00edntese e articula\u00e7\u00e3o de ideias.&nbsp; Em sua vida, dedicou-se aos estudos de forma singular. Nos anos 80, desafiou-se ao Mestrado, realizado na Pontif\u00edcia Universidade Cat\u00f3lica de S\u00e3o Paulo, tornando-se Mestre em Ci\u00eancias da Religi\u00e3o em 1987. Ao longo dos anos, construiu uma biblioteca pessoal com milhares de exemplares, especialmente nas \u00e1reas da Filosofia, Educa\u00e7\u00e3o, Teologia, Ensino Religioso e Literatura brasileira e internacional. Fazia quest\u00e3o de compartilhar sua biblioteca com os outros. Em 2002, tamb\u00e9m concluiu o doutorado em Educa\u00e7\u00e3o pela Universidade Federal do Rio Grande do Sul, diretamente por defesa de tese.&nbsp;<\/p>\n\n\n\n<p class=\"has-medium-font-size\">Na Universidade de Passo Fundo, atuou como docente por 40 anos, participando ativamente da forma\u00e7\u00e3o de milhares de acad\u00eamicos, sendo reconhecido e lembrado com carinho por aqueles que tiveram a oportunidade de com ele conviver e construir conhecimento. Neste percurso, tamb\u00e9m se envolveu com a gest\u00e3o na Universidade, desde sua cria\u00e7\u00e3o, quando, ainda em 1968, foi nomeado chefe do Departamento de Filosofia. Em 1970, assumiu a dire\u00e7\u00e3o do Instituto de Filosofia e Ci\u00eancias Humanas. De 1974 a 1985, foi Diretor da Faculdade de Educa\u00e7\u00e3o.<\/p>\n\n\n\n<p class=\"has-medium-font-size\">Como pesquisador, dedicou-se ao estudo de tem\u00e1ticas no campo da Filosofia, da Educa\u00e7\u00e3o, do Ensino Religioso, da Cultura e Religiosidade Popular e da Forma\u00e7\u00e3o Docente. Junto aos colegas e grupos de pesquisa, estabeleceu fortes rela\u00e7\u00f5es pessoais e profissionais, pautadas pelo trabalho met\u00f3dico, sistematicamente registrado pelas mem\u00f3rias de aula e das reuni\u00f5es, e pelo di\u00e1logo-reflexivo, convocando todos os envolvidos \u00e0 participa\u00e7\u00e3o ativa. Tamanha dedica\u00e7\u00e3o resultou na produ\u00e7\u00e3o e na publica\u00e7\u00e3o de obras na \u00e1rea da Educa\u00e7\u00e3o e da Filosofia, at\u00e9 hoje referenciadas. Nunca se distanciou de sua miss\u00e3o <em>para<\/em> e <em>com<\/em> a educa\u00e7\u00e3o. Aposentou-se na UPF aos 69 anos. Embora afastado do cotidiano acad\u00eamico, manteve-se, at\u00e9 os \u00faltimos dias, atento e interessado acerca da Institui\u00e7\u00e3o a qual ajudou a construir.<\/p>\n\n\n\n<p class=\"has-medium-font-size\">Mesmo distante de Severiano de Almeida, alimentou o v\u00ednculo com sua terra natal e manteve fortes la\u00e7os com a fam\u00edlia. Celebrou o Jubileu de Ouro Sacerdotal em 2015 em Passo Fundo, reunindo sacerdotes, familiares e amigos.<\/p>\n\n\n\n<p class=\"has-medium-font-size\">Em novembro de 2014, em raz\u00e3o das complica\u00e7\u00f5es do Parkinson, diagnosticado ainda em 2006, quando tinha 70 anos, passou a residir na casa de sua irm\u00e3 Lurdes e do cunhado Il\u00e1rio.&nbsp; No n\u00facleo familiar, conviveu com as crian\u00e7as da fam\u00edlia e foi acompanhado com aten\u00e7\u00e3o e carinho, apoiado na fragilidade causada pela doen\u00e7a.&nbsp; Faleceu em 07 de fevereiro de 2020, aos 83 anos.<\/p>\n\n\n\n<p class=\"has-medium-font-size\">Ao olharmos para os elementos que reconstroem a trajet\u00f3ria pessoal e intelectual do Pe. Elli Beninc\u00e1, temos a certeza de que deixou sua identidade como educador e pensador nos diferentes espa\u00e7os onde atuou. De forma ativa e comprometida, marcou profundamente sua fam\u00edlia, a Arquidiocese de Passo Fundo, a Universidade de Passo Fundo, e, especialmente, os milhares de alunos e profissionais da educa\u00e7\u00e3o desta cidade e da regi\u00e3o que foram, ao longo de d\u00e9cadas, incentivados a registrar e a refletir sobre sua a\u00e7\u00e3o pedag\u00f3gica, entendendo-a como ato educativo transformador, a ser constantemente qualificado pelo di\u00e1logo.<\/p>\n","protected":false},"excerpt":{"rendered":"<p>_Em 1966, foi enviado \u00e0 cidade de Passo Fundo para auxiliar o Padre Alcides Guareschi na antiga Faculdade de Filosofia do Cons\u00f3rcio Universit\u00e1rio Cat\u00f3lico, que, logo em seguida, seria um dos pilares a formar a Universidade de Passo Fundo. Ao mesmo tempo em que tra\u00e7ava seu percurso de forma\u00e7\u00e3o para a doc\u00eancia, dedicou-se profundamente ao [&hellip;]<\/p>\n","protected":false},"author":1,"featured_media":0,"parent":0,"menu_order":0,"comment_status":"closed","ping_status":"closed","template":"templates\/template-page-full-width.php","meta":{"footnotes":""},"class_list":["post-700","page","type-page","status-publish","hentry"],"_links":{"self":[{"href":"https:\/\/ellibeninca.com.br\/site\/wp-json\/wp\/v2\/pages\/700","targetHints":{"allow":["GET"]}}],"collection":[{"href":"https:\/\/ellibeninca.com.br\/site\/wp-json\/wp\/v2\/pages"}],"about":[{"href":"https:\/\/ellibeninca.com.br\/site\/wp-json\/wp\/v2\/types\/page"}],"author":[{"embeddable":true,"href":"https:\/\/ellibeninca.com.br\/site\/wp-json\/wp\/v2\/users\/1"}],"replies":[{"embeddable":true,"href":"https:\/\/ellibeninca.com.br\/site\/wp-json\/wp\/v2\/comments?post=700"}],"version-history":[{"count":7,"href":"https:\/\/ellibeninca.com.br\/site\/wp-json\/wp\/v2\/pages\/700\/revisions"}],"predecessor-version":[{"id":710,"href":"https:\/\/ellibeninca.com.br\/site\/wp-json\/wp\/v2\/pages\/700\/revisions\/710"}],"wp:attachment":[{"href":"https:\/\/ellibeninca.com.br\/site\/wp-json\/wp\/v2\/media?parent=700"}],"curies":[{"name":"wp","href":"https:\/\/api.w.org\/{rel}","templated":true}]}}

<div class="wp-block-media-text alignwide is-stacked-on-mobile" style="grid-template-columns:31% auto"><figure class="wp-block-media-text__media"><img fetchpriority="high" decoding="async" width="350" height="490" src="https://ellibeninca.com.br/site/wp-content/uploads/2021/11/Elli-Beninca-2017_web.jpg" alt="" class="wp-image-701 size-full" srcset="https://ellibeninca.com.br/site/wp-content/uploads/2021/11/Elli-Beninca-2017_web.jpg 350w, https://ellibeninca.com.br/site/wp-content/uploads/2021/11/Elli-Beninca-2017_web-214x300.jpg 214w" sizes="(max-width: 350px) 100vw, 350px" /></figure><div class="wp-block-media-text__content">
<h1 class="wp-block-heading"><strong>Professor padre Elli Benincá</strong></h1>



<hr class="wp-block-separator"/>



<p class="has-medium-font-size">Elli Benincá nasceu em Severiano de Almeida, no norte do Rio Grande do Sul, em 20 de julho de 1936. Sua infância e juventude foram marcadas pelo convívio familiar, pelo trabalho na roça, pela forte relação com a natureza e pela vida simples e em comunidade, na linha Caracol. É filho de Amadeu Benincá e de Leonice Maria Bonafin Benincá, já falecidos, sendo o terceiro de uma família de 11 irmãos.</p>



<p class="has-medium-font-size">Em 1953, aos 17 anos, sentiu-se chamado à vocação e ingressou no Seminário Nossa Senhora de Fátima de Erechim, sendo aluno da primeira turma. Pela Faculdade de Filosofia, Ciências e Letras Nossa Senhora Imaculada Conceição, de Viamão, graduou-se em Filosofia, em 1961, e em Teologia, em 1965. Foi ordenado sacerdote no dia 03 de julho de 1965, em Severiano de Almeida, por Dom Cláudio Colling, então bispo da Diocese de Passo Fundo.</p>
</div></div>



<p class="has-medium-font-size">_<br>Em 1966, foi enviado à cidade de Passo Fundo para auxiliar o Padre Alcides Guareschi na antiga Faculdade de Filosofia do Consórcio Universitário Católico, que, logo em seguida, seria um dos pilares a formar a Universidade de Passo Fundo. Ao mesmo tempo em que traçava seu percurso de formação para a docência, dedicou-se profundamente ao ministério sacerdotal, envolvendo-se em variados espaços de atuação pastoral e social e assessorando diferentes movimentos e grupos católicos. Morou por 17 anos na Paróquia da Catedral, onde foi vigário. Em sua vida sacerdotal, atuou em outras paróquias, com destaque à Nossa Senhora da Conceição, onde edificou profundas relações com a comunidade por mais de 20 anos. &nbsp;</p>



<p class="has-medium-font-size">Em 1982 e 1983, foi Coordenador de Pastoral na Diocese de Passo Fundo. Por acreditar que o maior investimento que se possa fazer é aquele direcionado ao ser humano, sempre se dedicou à formação de lideranças leigas, agentes de pastoral, professores de ensino religioso, ressaltando a importância da educação como elemento de transformação das consciências e, por consequência, da sociedade. Exerceu o papel de formador dos estudantes de Teologia de 1983 até 2014 e foi articulador de inúmeras iniciativas de formação continuada nos âmbitos pastoral e acadêmico, incentivando muitas pessoas à realização de cursos e à participação em eventos. Integrou o grupo de fundadores do Instituto de Teologia e Pastoral (ITEPA), sendo seu primeiro Diretor, em 1983 e, novamente, de 1988 a 1990. Foi, igualmente, professor do Instituto de Filosofia Berthier – IFIBE.</p>



<p class="has-medium-font-size">Tinha grande habilidade lógico-argumentativa, evidenciada, de forma intensa, pela capacidade de síntese e articulação de ideias.&nbsp; Em sua vida, dedicou-se aos estudos de forma singular. Nos anos 80, desafiou-se ao Mestrado, realizado na Pontifícia Universidade Católica de São Paulo, tornando-se Mestre em Ciências da Religião em 1987. Ao longo dos anos, construiu uma biblioteca pessoal com milhares de exemplares, especialmente nas áreas da Filosofia, Educação, Teologia, Ensino Religioso e Literatura brasileira e internacional. Fazia questão de compartilhar sua biblioteca com os outros. Em 2002, também concluiu o doutorado em Educação pela Universidade Federal do Rio Grande do Sul, diretamente por defesa de tese.&nbsp;</p>



<p class="has-medium-font-size">Na Universidade de Passo Fundo, atuou como docente por 40 anos, participando ativamente da formação de milhares de acadêmicos, sendo reconhecido e lembrado com carinho por aqueles que tiveram a oportunidade de com ele conviver e construir conhecimento. Neste percurso, também se envolveu com a gestão na Universidade, desde sua criação, quando, ainda em 1968, foi nomeado chefe do Departamento de Filosofia. Em 1970, assumiu a direção do Instituto de Filosofia e Ciências Humanas. De 1974 a 1985, foi Diretor da Faculdade de Educação.</p>



<p class="has-medium-font-size">Como pesquisador, dedicou-se ao estudo de temáticas no campo da Filosofia, da Educação, do Ensino Religioso, da Cultura e Religiosidade Popular e da Formação Docente. Junto aos colegas e grupos de pesquisa, estabeleceu fortes relações pessoais e profissionais, pautadas pelo trabalho metódico, sistematicamente registrado pelas memórias de aula e das reuniões, e pelo diálogo-reflexivo, convocando todos os envolvidos à participação ativa. Tamanha dedicação resultou na produção e na publicação de obras na área da Educação e da Filosofia, até hoje referenciadas. Nunca se distanciou de sua missão <em>para</em> e <em>com</em> a educação. Aposentou-se na UPF aos 69 anos. Embora afastado do cotidiano acadêmico, manteve-se, até os últimos dias, atento e interessado acerca da Instituição a qual ajudou a construir.</p>



<p class="has-medium-font-size">Mesmo distante de Severiano de Almeida, alimentou o vínculo com sua terra natal e manteve fortes laços com a família. Celebrou o Jubileu de Ouro Sacerdotal em 2015 em Passo Fundo, reunindo sacerdotes, familiares e amigos.</p>



<p class="has-medium-font-size">Em novembro de 2014, em razão das complicações do Parkinson, diagnosticado ainda em 2006, quando tinha 70 anos, passou a residir na casa de sua irmã Lurdes e do cunhado Ilário.&nbsp; No núcleo familiar, conviveu com as crianças da família e foi acompanhado com atenção e carinho, apoiado na fragilidade causada pela doença.&nbsp; Faleceu em 07 de fevereiro de 2020, aos 83 anos.</p>



<p class="has-medium-font-size">Ao olharmos para os elementos que reconstroem a trajetória pessoal e intelectual do Pe. Elli Benincá, temos a certeza de que deixou sua identidade como educador e pensador nos diferentes espaços onde atuou. De forma ativa e comprometida, marcou profundamente sua família, a Arquidiocese de Passo Fundo, a Universidade de Passo Fundo, e, especialmente, os milhares de alunos e profissionais da educação desta cidade e da região que foram, ao longo de décadas, incentivados a registrar e a refletir sobre sua ação pedagógica, entendendo-a como ato educativo transformador, a ser constantemente qualificado pelo diálogo.</p>

<p>_Em 1966, foi enviado à cidade de Passo Fundo para auxiliar o Padre Alcides Guareschi na antiga Faculdade de Filosofia do Consórcio Universitário Católico, que, logo em seguida, seria um dos pilares a formar a Universidade de Passo Fundo. Ao mesmo tempo em que traçava seu percurso de formação para a docência, dedicou-se profundamente ao [&hellip;]</p>
